et b(r) = 14*r + 175. Let h(u) = 6*b(u) - 17*f(u). Suppose 6*x = x - 3*v - 6, -4*v = -12. Let g(p) = p + 3. Let y be g(x). Determine h(y).
13
Suppose m = -3*b - 8, 0*m - 10 = 4*b + m. Let s(g) be the third derivative of g**4/24 + g**3/2 - 988*g**2. Determine s(b).
1
Let i = -45 - -27. Let c = i + 19. Let b(v) = -5*v + 1. Give b(c).
-4
Suppose -4*m + 9 - 5 = 0. Let n(w) = 4*w**2 - 6*w - 3*w**2 - 1 - m. Give n(5).
-7
Let c(a) be the first derivative of 5*a**2/2 - 7*a - 42. Give c(3).
8
Let f(l) = -l**2 + 6*l + 2. Let x be f(6). Let y(s) = -5*s**2 + 2 + 2*s**x + 2*s**2 + 3*s. Suppose -39*i = -77*i - 76. What is y(i)?
-8
Suppose -4*g + 6 = -2*g. Let q(w) = w - 7. Give q(g).
-4
Let g(b) be the first derivative of b**7/840 + b**6/60 + b**5/40 + b**4/4 + 2*b**3/3 + 30. Let k(p) be the third derivative of g(p). Give k(-6).
-12
Let i(l) be the third derivative of -l**6/720 + l**5/60 - l**4/12 - 3*l**2. Let r(d) be the second derivative of i(d). What is r(-3)?
5
Let i(w) be the second derivative of w**6/720 + w**5/10 + 20*w**4/3 - w - 34. Let k(j) be the third derivative of i(j). Let n = -1 + 1. Determine k(n).
12
Let n be (-12)/(-96) + (-49)/8. Let s(y) = y**3 + 7*y**2 + 8*y - 6. What is s(n)?
-18
Let w(s) = -19*s + 2. Suppose 4*p - g - 6 = 0, -9*g + 10 = -4*g. Calculate w(p).
-36
Let p(l) = -2*l + 23 - 18 - 12. Let o be (13 - -1)/(2/4). Suppose z = -3*z - o. Determine p(z).
7
Let y(p) be the second derivative of p**6/180 - p**5/40 - 17*p**4/12 - 11*p. Let n(d) be the third derivative of y(d). Calculate n(5).
17
Let o(u) = -u**3 - 10*u**2 - 10*u - 4. Let t = -1081 + 1072. Determine o(t).
5
Suppose -2 + 6 = 2*s. Let n(u) = u + 1. Let b(q) = -2*q - 2. Let h(l) = -l - 6. Let o be h(0). Let i(p) = o*b(p) - 11*n(p). What is i(s)?
3
Let k(w) = 33*w - 194. Let a be k(6). Let r(y) = -y**3 + 4*y**2 - y + 8. What is r(a)?
4
Let c(z) = -8*z - 8. Let g(q) = 8*q + 5. Let m(k) = 5*c(k) + 6*g(k). Give m(5).
30
Let w = -91 + 88. Let l(y) = 3*y**2 - 8*y + 5. Let k(x) = x**2 - 4*x + 2. Let o(p) = -7*k(p) + 3*l(p). Calculate o(w).
7
Let w(n) be the third derivative of n**7/1260 + n**6/120 - n**5/3 - 22*n**2. Let s(m) be the third derivative of w(m). Give s(-5).
-14
Let g = 1 + -1. Suppose -o = -g*o - 2. Let s(u) = u - 2 - u**o + u + 5. Calculate s(4).
-5
Let h(q) be the third derivative of 5*q**4/24 + 2*q**3/3 + q**2 + 180*q. Calculate h(-2).
-6
Suppose -2*b - 2*b + 16 = 0. Let l(k) = k - 1. Let t(d) = -d**3 + 2*d**2 + 7*d - 4. Let i(z) = -l(z) + t(z). Calculate i(b).
-11
Let s = 10 + -14. Let k(j) be the third derivative of 7*j**2 + 1/120*j**6 + 1/20*j**5 + 0*j - 5/24*j**4 + 0 - 1/3*j**3. Determine k(s).
2
Let a(l) = -2*l**3 + 22*l**2 - 23*l + 4. Let b(f) = f**3 - 11*f**2 + 11*f - 1. Let i(s) = 2*a(s) + 5*b(s). Give i(10).
-7
Suppose -z = -2*o + 7, -2*o = -4*o + 3*z + 13. Let x = 14 - 12. Let r(q) = -2 - 9*q**2 + 2*q**2 + 8*q**x. Calculate r(o).
2
Suppose -20*w + 7 = -13*w. Let h(a) = 2 - 3 + 0 - 2*a. Give h(w).
-3
Let y(p) = -p**2 - 6*p - 10. Let q be y(-5). Let j(h) = -1 + 0 - 1 + 4 - 4*h. Determine j(q).
22
Let r(q) = -q**2 + 4*q + 5. Suppose -429 - 163 = 4*h. Suppose -w - m - 17 = 0, 41 = -6*w + 2*w + 5*m. Let p be h/(-28) + 4/w. Calculate r(p).
0
Let f(j) = -j**2 - 3*j + 4. Let m(b) = -3*b - 5. Let s be m(-4). Let h(c) = -c**3 + 7*c**2 + 10. Let v be h(s). Suppose v = -2*y - 0. Give f(y).
-6
Let l(z) = 5*z + 98. Let d(u) = -u - 24. Let x(i) = -9*d(i) - 2*l(i). What is x(10)?
10
Let z(j) = j**2 - 9*j - 4. Let l be z(0). Let u(r) be the second derivative of -r**3/3 - r**2 - r. Give u(l).
6
Let g = 6385 + -6396. Let v(b) = 3 - 12 - 2*b - 7. Calculate v(g).
6
Let x(w) be the first derivative of 5*w**4/4 - 2*w**3/3 + w**2/2 - 1. Let r(u) = -u**2 + 26*u + 193. Let f be r(-6). Determine x(f).
4
Let o(m) = m**3 - 2*m**2 + m + 1. Suppose -4*d + 25 = 9. Suppose -5*p - 5*w + 45 = 0, -1 = -p - w + d*w. Suppose 2*h = p*h - 15. Determine o(h).
13
Let c(l) be the second derivative of -6*l**5/5 + l**4/6 - l**2/2 - 8*l - 1. Determine c(1).
-23
Let z(x) = -x**2 - 4*x - 4. Let f = 618 + -624. What is z(f)?
-16
Let r(k) = -k**3 + 2*k - 3. Suppose 2*x + 2 = -d + 7, -4*x + 5*d + 3 = 0. Determine r(x).
-7
Let q(s) be the second derivative of s**5/20 + 3*s**4/4 + 4*s**3/3 + 7*s**2/2 + 49*s. Give q(-8).
7
Suppose 5*c - 104 = -29. Let f be -3*(5 - 95/c). Let u(s) = -s**2 + 4*s + 1. Calculate u(f).
1
Let m(i) = 9 + 5*i - 3*i + 0*i. Let b(h) = h**3 + 7*h**2 - 2*h - 12. Let o be b(-7). Suppose -2*x = -3*r + o*x - 10, 38 = -5*r - 4*x. Determine m(r).
-3
Suppose 18*l - 36 = 9*l. Let v(d) = d**3 - 5*d**2 - d + 5. What is v(l)?
-15
Let u(k) = -2*k**2 - 2*k**2 - 5 + 4*k**3 - k**3 - 4*k - 2*k**3. Let p = 8 - 3. What is u(p)?
0
Suppose -r - 7 = -i + 3*r, 0 = i - 3*r - 6. Let k(s) = 4 - 12 - i*s + 4*s. Let t(y) = y**3 - 3*y**2 + 5*y - 29. Let g be t(4). Calculate k(g).
-1
Let n(t) = -t**2 - 4*t - 4. Suppose 83*h + 5*f = 88*h + 35, 5*f + 1 = -4*h. Determine n(h).
-4
Let a be (-4)/(-9) - ((-2656)/(-144) - 18). Let w(i) be the third derivative of a*i + i**3 + 3*i**2 + 1/120*i**6 + 7/60*i**5 + 0 + 1/24*i**4. Give w(-7).
-1
Let t be 1/(-4) + ((-87)/(-12) - 4). Let j(n) = -2*n + 1. Let w be j(t). Let m(y) = y**2 + 8*y + 7. What is m(w)?
-8
Let v(n) = -n**3 + 4*n**2 + 5*n + 4. Let w(q) = q + 35. Let s be w(-24). Suppose -2*x + 0*x + s = b, 0 = -4*b + 4. What is v(x)?
4
Suppose 0 = d + p, 63*d + 6 = 60*d - 4*p. Let m(i) = 3*i**3 - 18*i**2 - 9*i + 44. Let u(t) = -t**3 + 6*t**2 + 3*t - 15. Let v(w) = 6*m(w) + 17*u(w). Give v(d).
-9
Let d(l) = -40*l + 19*l - 2 + l**2 + 11*l + 11*l. Give d(-2).
0
Let n = 61/650 - -2/325. Let l(q) be the third derivative of -1/24*q**4 + n*q**5 + 0*q**3 + 0*q + 0 + 5*q**2. Determine l(1).
5
Let s(r) = 0*r + 1 + 2*r - 2*r - r. Let p(w) be the third derivative of -w**6/120 - w**5/20 - w**4/24 - w**3/3 + 2*w**2. Let i be p(-3). Determine s(i).
0
Let f(i) = -13*i + 17. Let p(b) = 4*b - 6. Let x(u) = 3*f(u) + 8*p(u). Calculate x(-3).
24
Let s = 30 - 26. Let g be -2*s/(-8) + 5. Let w(x) be the first derivative of -x**4/4 + 5*x**3/3 + 5*x**2/2 + x - 1. Give w(g).
-5
Let z(k) be the first derivative of -k**4/4 - k**3 + 3*k**2/2 - 3*k - 1. Let o be (-2)/(-2)*(-34 - -18)/4. What is z(o)?
1
Let x(b) = -6*b. Let v be x(-1). Let d(h) = h**3 - h**2 - 1. Let k(q) = -7*q**3 + 10*q**2 + 4. Let f(p) = v*d(p) + k(p). Calculate f(2).
6
Suppose 13*l - 18*l = 35. Let j(i) = -2*i - 7. Determine j(l).
7
Let t(q) = -q. Let b(g) = 3*g. Let d be (1 + -1 - -4) + -6. Let w(s) = d*t(s) - b(s). What is w(9)?
-9
Let g(d) = 4*d**2 + 17*d + 4. Let t be g(-6). Suppose 5*a + 13 = -4*c, t = 5*c - 4*a + 11. Let j(y) = -y**3 + 3*y**2 + 3*y - 3. What is j(c)?
6
Let m(g) = g**3 + 5*g**2 + 4*g + 4. Suppose 4*q - 3 = -4*j - 51, -4*j = 16. Let r be (-22)/q*(-7 + 11). Suppose -r - 9 = 5*b. Calculate m(b).
4
Suppose -34*s + 10*s + 48 = 0. Let h(p) be the first derivative of -3/2*p**s + 6 + 4*p. What is h(5)?
-11
Let i be ((-4)/6)/(10/(-1065)). Suppose -i = -11*y - 27. Let l(f) = -f + f + f**2 + 6 - 5*f. Determine l(y).
2
Let z = 4 - -141. Let h = z - 144. Let a(v) = -6*v + 1. Determine a(h).
-5
Let c(a) be the second derivative of -a**4/12 - 2*a**3 - 19*a**2/2 + 301*a. Calculate c(-9).
8
Let x be ((-30)/(-1 + 3))/((-6)/4). Let g(i) = -i**2 + 11*i - 9. What is g(x)?
1
Let v(o) = 10*o**2 - 8 - 12*o**2 + 3*o**2 + 5*o. Let u = -2 - -4. Suppose -3*z - 30 = u*z. Calculate v(z).
-2
Let o(b) = b**3 - 19*b - 16*b - 10*b**2 + 43*b + 5 + 0. Give o(9).
-4
Let o(s) = s**2 - 2. Suppose -5*l - 31 = 14. Let g = 7 + l. Calculate o(g).
2
Let t(o) be the second derivative of o**4/12 + o**3/2 - 2*o**2 + 6*o. Let a be (1 - 1*-5)*(-29)/58. Calculate t(a).
-4
Let b be (-2)/3 - 424/(-6). Let h be b/4*6/(-3). Let j be h/(-21) - 1/(-3). Let n(q) = -6*q + 3. Calculate n(j).
-9
Let t(z) = z - 7. Let c(d) be the third derivative of 1/24*d**4 + 0 + 2*d**2 + 0*d - 7/6*d**3. Let j(u) = -6*c(u) + 7*t(u). Determine j(-5).
-12
Let w(s) = -s. Let g(l) = l**2 + 5*l - 2. Let n(r) = g(r) - 2*w(r). What is n(-4)?
-14
Let g(t) = -11*t + 1. Let a(c) = c**2 + 15*c - 127. Let u be a(6). What is g(u)?
12
Let t be 43/(-9) + 8/(-36). Let b(y) = -2*y**3 + y**2 - y - 18. Let v(w) = -w**3 + 7*w**2 + 7*w - 11. Let i(r) = b(r) - v(r). Give i(t).
8
Let k(x) = x**3 - 20*x**2